ermine n(8).
8
Let q(d) = -13*d + 627. Determine q(45).
42
Let k(x) = -x**2 + 31*x + 724. Give k(48).
-92
Let g(m) = -6*m**2 + 35*m + 5. Determine g(-4).
-231
Let b(j) = 20*j**3 + 12*j**2 + 5*j - 6. Determine b(-1).
-19
Let r(c) = -c**3 - 4*c**2 + 4*c - 10. Give r(-4).
-26
Let u(y) = 131*y + 2353. Calculate u(-18).
-5
Let b(m) = -23*m - 701. Determine b(-40).
219
Let i(j) = 2*j - 105. Determine i(-38).
-181
Let p(o) = 35*o + 248. What is p(-7)?
3
Let p(b) = b**3 + 98*b**2 - 409*b - 78. Give p(-102).
24
Let o(j) = 3*j**2 - 42*j + 88. Determine o(13).
49
Let o(m) = -21*m + 744. What is o(34)?
30
Let r(p) = -p**2 + 20*p + 176. Determine r(-8).
-48
Let i(a) = -152*a - 948. Give i(-7).
116
Let b(j) = 2*j**3 - 147*j**2 + 72*j + 71. What is b(73)?
-2
Let d(m) = -m**3 + 10*m**2 + 15*m - 235. Give d(8).
13
Let y(z) = -7*z**2 - 845*z - 19048. Give y(-30).
2
Let s(r) = 2*r**2 + 36*r + 192. Give s(-8).
32
Let l(q) = 117*q + 2348. Give l(-20).
8
Let l(i) = 11872*i - 59346. Calculate l(5).
14
Let k(x) = 10*x**2 - 102*x - 89. Calculate k(11).
-1
Let y(b) = b**2 + 146*b + 3131. Calculate y(-26).
11
Let j(d) = -35*d - 82. Determine j(3).
-187
Let a(p) = 63*p - 1475. Calculate a(23).
-26
Let s(d) = -13*d - 609. Calculate s(-44).
-37
Let c(i) = i**3 - 59*i**2 - 59*i - 78. Calculate c(60).
-18
Let b(q) = q**2 - q + 83. What is b(0)?
83
Let r(n) = -n**2 - 118*n - 106. Give r(-117).
11
Let q(g) = -3*g**2 - 24*g - 273. Give q(-14).
-525
Let o(h) = -43*h**3 - 5*h**2 - 13*h - 9. Determine o(-1).
42
Let y(o) = -o**2 + 187*o - 1397. Determine y(8).
35
Let o(z) = z**3 + 30*z**2 + 45*z - 289. Give o(-28).
19
Let n(j) = -998*j - 3998. Calculate n(-4).
-6
Let p(f) = 387*f - 73510. What is p(190)?
20
Let z(x) = x**2 - 64*x + 1109. What is z(52)?
485
Let b(i) = -i**3 + 10*i**2 + 33*i - 2. Determine b(-3).
16
Let r(h) = -5860*h + 23448. Determine r(4).
8
Let a(m) = -m**3 + 55*m**2 - 56*m + 131. Determine a(54).
23
Let z(c) = -3*c**3 + 3*c**2 - 13*c + 3. What is z(2)?
-35
Let s(r) = r**3 - 10*r**2 - 7*r - 207. Give s(12).
-3
Let i(s) = s**3 - 6*s**2 - 164*s - 24. What is i(-10)?
16
Let v(f) = -5*f**3 + 45*f**2 - 33*f + 18. Determine v(8).
74
Let i(z) = -106*z - 30. Determine i(-3).
288
Let b(h) = -h**2 + 152*h + 1244. Give b(-8).
-36
Let m(l) = 2*l**3 - 3*l**2 + 16*l + 74. Give m(-3).
-55
Let c(m) = m - 1188. Calculate c(61).
-1127
Let c(x) = -x**3 - 16*x**2 + 9*x + 165. Calculate c(-16).
21
Let z(g) = g**3 - 51*g**2 - 680*g - 88. Determine z(62).
36
Let b(p) = 2*p**3 + 393*p**2 + 194*p - 383. Determine b(-196).
9
Let w(j) = -5*j**2 - 10*j + 1. Give w(-2).
1
Let c(w) = -w**3 + 112*w**2 + 574*w + 1231. Determine c(117).
-56
Let u(m) = m**2 - 12*m + 55. Calculate u(5).
20
Let y(w) = -11439*w + 45737. Calculate y(4).
-19
Let w(g) = g**3 - 6*g**2 + 37*g - 12. Give w(0).
-12
Let s(l) = -l**2 - 17*l - 22. Calculate s(-15).
8
Let t(g) = 13*g + 23. Calculate t(1).
36
Let q(i) = 3*i**2 - 29*i + 1. Determine q(10).
11
Let p(d) = -40*d + 3482. Give p(88).
-38
Let w(b) = b**3 - 2*b**2 + 144*b - 612. Give w(4).
-4
Let x(y) = y**3 + 15*y**2 + 4*y - 109. What is x(-14)?
31
Let u(b) = 20*b**2 - 72*b - 13. What is u(4)?
19
Let g(x) = -2214*x + 148340. Give g(67).
2
Let t(w) = 2*w**3 + 39*w**2 + 20*w + 11. Determine t(-19).
-8
Let q(u) = -u**3 + 28*u**2 + 62*u + 77. Calculate q(30).
137
Let v(c) = -25*c + 1037. What is v(35)?
162
Let l(c) = -2*c**2 + 6338*c - 75783. Give l(12).
-15
Let d(z) = 2*z**3 - 111*z**2 + 173*z - 506. Calculate d(54).
88
Let a(s) = -6*s**3 - 16*s**2 + 9*s + 30. Give a(-3).
21
Let n(o) = -307*o - 2427. What is n(-8)?
29
Let n(f) = -f**2 - 199*f - 4782. Give n(-28).
6
Let s(z) = z**3 + 28*z**2 + 60*z - 356. What is s(-25)?
19
Let j(m) = m**2 - 10*m - 14. What is j(5)?
-39
Let c(r) = 23*r**2 + 59*r - 22. Calculate c(-3).
8
Let r(u) = 4*u**3 + u**2 + 130. Calculate r(0).
130
Let i(s) = -s**3 + 8*s**2 + 3*s - 22. Determine i(8).
2
Let v(g) = -54*g**3 + 5*g**2 - 16*g - 43. What is v(-2)?
441
Let m(c) = -c**3 + 264*c**2 + 534*c - 549. What is m(266)?
-17
Let a(b) = -b**3 - 36*b**2 + 81*b + 222. What is a(-38)?
32
Let f(c) = -c**3 + 33*c**2 - 25*c + 22. What is f(32)?
246
Let m(o) = 2*o**3 - 497*o**2 - 215*o - 8471. Give m(249).
-5
Let i(f) = 9*f**3 + 813*f**2 + 1066*f - 125. Give i(-89).
53
Let h(j) = -j**2 + 132*j - 4017. Give h(84).
15
Let q(c) = -47*c - 1693. What is q(-36)?
-1
Let k(l) = -70*l - 271. Determine k(-4).
9
Let x(h) = 1120*h - 11192. What is x(10)?
8
Let y(k) = 60*k**2 - 18894*k - 1894. Calculate y(315).
-4
Let c(j) = -68*j + 288. Give c(5).
-52
Let l(y) = -313*y + 5014. Determine l(16).
6
Let j(c) = 487*c + 5846. Give j(-12).
2
Let y(s) = -9*s**3 + 3*s**2 + 124*s - 124. What is y(1)?
-6
Let h(w) = -8*w**2 - 356*w - 154. Calculate h(-44).
22
Let h(y) = -y**3 + 93*y**2 - 974*y + 181. Determine h(81).
19
Let o(x) = -225*x - 8552. Determine o(-38).
-2
Let s(w) = -226*w + 3866. What is s(17)?
24
Let n(g) = -16*g**2 + 21*g - 15. What is n(2)?
-37
Let p(r) = 9*r**2 + 9*r + 66. Give p(-5).
246
Let n(m) = -m**3 + m**2 + 6*m - 21. Calculate n(0).
-21
Let w(i) = -28*i + 289. Determine w(13).
-75
Let q(o) = -o**3 + 12*o**2 - 30*o + 6. What is q(3)?
-3
Let o(a) = a**2 + 196*a + 394. Give o(-2).
6
Let o(n) = -270*n + 39411. Calculate o(146).
-9
Let k(l) = -l**2 - 90*l - 351. Calculate k(-86).
-7
Let i(x) = 100*x - 2404. Calculate i(26).
196
Let u(n) = -n**2 + 10*n + 136. What is u(-9)?
-35
Let s(c) = 87*c + 1577. Calculate s(-18).
11
Let t(c) = -c**3 + 21*c**2 - 37*c - 77. Give t(19).
-58
Let z(p) = -4*p**2 - 38*p - 40. Calculate z(-8).
8
Let d(a) = 3837*a - 30677. What is d(8)?
19
Let s(j) = j**2 + 59*j + 86. Calculate s(-58).
28
Let q(s) = -2*s**2 + 67*s + 265. Calculate q(37).
6
Let u(o) = -282*o + 2396. Calculate u(8).
140
Let y(t) = -t**3 - 3*t**2 + 28*t + 28. What is y(-9)?
262
Let v(m) = -m**3 + 7*m**2 + 13*m - 9. Calculate v(10).
-179
Let f(d) = -d**2 - 139*d - 3263. Determine f(-30).
7
Let k(n) = 9*n + 60. What is k(-5)?
15
Let c(b) = -5*b + 206. Determine c(43).
-9
Let r(n) = -5*n**2 - 447*n + 2637. Calculate r(6).
-225
Let n(g) = g**3 + 113*g**2 + 1007*g - 228. What is n(-10)?
2
Let i(f) = -2*f**3 - 2*f**2 - 3*f. Give i(-2).
14
Let a(s) = 2*s**3 - 87*s**2 - 53*s + 393. Give a(44).
-3
Let d(z) = 123*z + 1292. What is d(-11)?
-61
Let p(o) = 137*o + 562. Determine p(-4).
14
Let m(v) = -22*v**2 - 317*v + 47. Give m(-15).
-148
Let z(r) = 5415*r + 70405. What is z(-13)?
10
Let d(n) = n**3 - 19*n**2 - 28*n + 5. Give d(20).
-155
Let n(c) = c**3 + c**2 + 11*c - 6. What is n(0)?
-6
Let q(i) = -i**2 + 68*i + 1856. Give q(-21).
-13
Let p(n) = 20*n - 95. What is p(-4)?
-175
Let y(n) = -510*n - 3577. Give y(-7).
-7
Let r(n) = 507*n - 3044. Calculate r(6).
-2
Let a(d) = -d**2 + 14*d + 221. Give a(22).
45
Let v(i) = -3*i**3 + 43*i**2 - 12*i + 21. Give v(15).
-609
Let k(f) = f**3 - 25*f**2 - 56*f - 4. What is k(27)?
-58
Let p(v) = 220*v + 295. Calculate p(-1).
75
Let h(t) = -2*t**3 - 3*t**2 + 8*t + 17. Calculate h(-7).
500
Let h(t) = -82*t + 410. Calculate h(8).
-246
Let s(g) = 55*g + 249. Calculate s(0).
249
Let x(y) = 2*y**2 - 319*y - 4292. Calculate x(172).
8
Let w(z) = -5*z + 173. Calculate w(34).
3
Let d(s) = 47*s - 2746. Determine d(59).
27
Let b(y) = -91*y**3 - 2*y**2 + 7*y + 9. Give b(-1).
91
Let m(s) = s**2 - 27*s - 635. Determine m(-15).
-5
Let j(o) = -5*o**2 + 172*o - 997. Calculate j(27).
2
Let t(o) = 48*o + 7584. Calculate t(-158).
0
Let u(h) = h**3 + 23*h**2 - 3*h + 8. Calculate u(-23).
77
Let k(z) = -1975*z - 5936. What is k(-3)?
-11
Let y(t) = -3*t**2 - 53*t + 28. Calculate y(-16).
108
Let h(w) = -55*w - 67. Determine h(-5).
208
Let s(j) = -3*j**2 + 13*j - 18. Give s(11).
-238
Let h(l) = 8*l - 412. Calculate h(48).
-28
Let i(y) = 26*y**2 + 7*y + 9. What is i(-2)?
99
Let r(s) = s**3 - 17*s**2 + 32*s + 24. Give r(3).
-6
Let f(t) = -2*t**2 + 39*t - 33. What is f(-6)?
-339
Let w(d) = -3*d**2 + 856*d - 1706. Calculate w(2).
-6
Let g(s) = s**3 + 118*s**2 + 566*s + 109. Determine g(-113).
-4
Let n(h) = -h**3 - 11*h**2 - 2*h - 6. Determine n(-8).
-182
Let h(b) = -34*b**2 + 342*b - 2. Determine h(10).
18
Let m(n) = -n**2 + 87*n - 1777. Determine m(54).
5
Let w(d) = d**3 + 6*d**2 - 2*d - 88. Give w(-6).
-76
Let d(y) = -13*y + 206. What is d(15)?
11
Let q(m) = -m**3 - 4*m